28. Determine a(-26).
102
Let p(z) = 5*z**3 + 8*z**2 + 2*z - 8. Calculate p(-2).
-20
Let c(g) = 85*g + 2190. Calculate c(-26).
-20
Let x(i) = -46*i - 1340. What is x(-29)?
-6
Let t(i) = -10*i - 392. Give t(-43).
38
Let d(c) = -368*c - 742. Determine d(-2).
-6
Let x(h) = -h**3 + 164*h**2 + 501*h + 6. Calculate x(167).
6
Let o(p) = 1174*p + 7062. Give o(-6).
18
Let l(j) = 2*j**2 - 27*j + 45. What is l(0)?
45
Let q(r) = 112*r - 488. Determine q(4).
-40
Let d(h) = -4*h**3 - 38*h**2 - 27*h - 80. Determine d(-9).
1
Let p(o) = 141*o**2 + 6204*o + 7. Determine p(-44).
7
Let n(o) = -2*o**3 + 192*o**2 - 160*o - 2812. What is n(95)?
38
Let p(q) = 2*q**2 - 49*q - 156. Give p(-3).
9
Let t(z) = 3*z**2 + 90*z + 384. Give t(-26).
72
Let h(m) = -m**3 + 5*m**2 + 47*m - 249. Give h(6).
-3
Let i(h) = -7*h - 121. What is i(-6)?
-79
Let x(d) = 548*d - 2237. What is x(4)?
-45
Let y(s) = -107*s + 1764. Determine y(17).
-55
Let w(h) = 144*h - 10125. What is w(70)?
-45
Let a(k) = -8*k**2 - 99*k + 583. Determine a(7).
-502
Let x(c) = 3*c**3 + 4*c**2 - 9*c + 6. What is x(3)?
96
Let u(k) = 3*k**3 - 32*k**2 - k - 100. What is u(11)?
10
Let v(f) = 79*f + 766. Calculate v(-9).
55
Let m(h) = -h**3 - h**2 - 15*h + 136. Calculate m(5).
-89
Let u(h) = -8*h**3 + h**2 - 32*h + 85. Calculate u(3).
-218
Let c(a) = -2*a**2 + 45*a + 367. Determine c(29).
-10
Let r(j) = j**2 + 51*j - 315. Give r(5).
-35
Let o(v) = -v**3 - 24*v**2 + 8*v + 1502. Determine o(-21).
11
Let s(q) = q**3 - 9*q**2 - 116*q - 23. What is s(-7)?
5
Let h(s) = 2*s**2 - 27*s + 77. Calculate h(16).
157
Let s(w) = -w**3 + 42*w**2 - 42*w + 62. Determine s(41).
21
Let w(x) = x**3 - 13*x**2 + 65*x - 8. What is w(6)?
130
Let d(n) = 4169*n - 33332. Give d(8).
20
Let a(g) = -g**2 - 6*g + 57. Give a(6).
-15
Let g(h) = -2*h**3 - 15*h**2 - 859*h - 6942. Determine g(-8).
-6
Let l(x) = -x**3 - 115*x**2 - 654*x + 23. What is l(-109)?
23
Let v(w) = -249*w + 1877. What is v(9)?
-364
Let p(b) = 133*b - 6111. Give p(46).
7
Let t(u) = -8*u - 322. Determine t(-22).
-146
Let f(h) = -h**3 + 26*h**2 + 131*h - 154. Calculate f(30).
176
Let m(p) = 289*p - 22. Determine m(1).
267
Let q(k) = -12777*k + 76655. Give q(6).
-7
Let c(r) = 22*r**2 - 281*r - 29. What is c(13)?
36
Let l(y) = 125*y - 48. Calculate l(0).
-48
Let m(u) = 1317*u - 13109. Determine m(10).
61
Let c(k) = -27*k + 1101. Give c(41).
-6
Let w(s) = -10*s**2 - 390*s - 1945. Determine w(-5).
-245
Let g(h) = -h**3 + 12*h**2 - 56*h + 144. Calculate g(7).
-3
Let x(d) = 3*d**3 + 83*d**2 - 112*d + 2. What is x(-29)?
-114
Let y(q) = -35*q + 163. Calculate y(3).
58
Let g(d) = -48*d + 674. What is g(14)?
2
Let u(j) = -8*j**2 - 257*j - 1266. Calculate u(-26).
8
Let a(b) = 13*b + 191. Determine a(-32).
-225
Let g(u) = -2*u**3 + 109*u**2 - 46*u + 76. Calculate g(54).
508
Let a(k) = -334*k + 3010. Determine a(9).
4
Let x(v) = 10*v**2 - 123*v + 45. Calculate x(13).
136
Let b(g) = -66*g - 2536. Give b(-38).
-28
Let s(z) = -z**3 - 3*z**2 + 5*z - 16. What is s(0)?
-16
Let c(p) = -p**3 + 35*p**2 + 181*p - 980. Determine c(39).
-5
Let l(k) = -192*k - 10957. Calculate l(-57).
-13
Let w(m) = 9*m - 171. Determine w(20).
9
Let p(t) = t**3 - 18*t**2 + 43*t + 35. What is p(15)?
5
Let z(b) = -19*b + 238. Determine z(11).
29
Let f(g) = g**2 - 12*g + 78. Calculate f(14).
106
Let k(t) = -t**2 + 51*t - 276. Determine k(36).
264
Let n(i) = i - 18. Calculate n(-6).
-24
Let f(g) = -493*g + 35009. Give f(71).
6
Let w(z) = 40*z**2 - 12*z + 18. Calculate w(2).
154
Let d(i) = -i**3 - 20*i**2 - 157*i - 511. What is d(-9)?
11
Let u(q) = -3*q + 42. What is u(-1)?
45
Let m(l) = -80*l - 72. Calculate m(0).
-72
Let h(g) = -8*g + 62. Calculate h(19).
-90
Let y(r) = 54*r**3 + 2*r**2 + 9*r - 11. Give y(1).
54
Let m(u) = -234*u - 15682. Give m(-67).
-4
Let k(h) = 29*h**3 + 8*h**2 + 17*h + 16. Calculate k(-3).
-746
Let w(y) = -12*y**2 + 76*y - 216. Calculate w(7).
-272
Let k(l) = 3*l**2 + 94*l + 39. Give k(-31).
8
Let d(i) = 23*i + 481. Give d(-19).
44
Let x(s) = -44*s**2 - 1492*s + 157. What is x(-34)?
21
Let z(h) = -h**2 - 252*h - 985. Determine z(-4).
7
Let u(v) = 37*v - 14097. What is u(381)?
0
Let q(t) = -t**2 - 19*t + 554. Determine q(-35).
-6
Let p(l) = l**3 - 25*l**2 + 51*l - 51. Determine p(22).
-381
Let j(q) = -88*q + 137. Give j(-3).
401
Let f(i) = i**2 + 18*i - 71. Calculate f(4).
17
Let u(f) = 19*f**2 - 611*f - 552. What is u(33)?
-24
Let t(d) = -107826*d - 862608. Determine t(-8).
0
Let g(b) = -b**3 - 20*b**2 - 34*b + 620. Calculate g(-15).
5
Let i(a) = -30*a**2 + 7*a - 11. Determine i(1).
-34
Let m(z) = -59*z - 1608. What is m(-27)?
-15
Let f(m) = 22*m**2 - 1011*m - 63. Give f(46).
-17
Let q(x) = -62*x + 1864. Determine q(30).
4
Let r(v) = 5*v**2 - 215*v - 31. Determine r(43).
-31
Let d(v) = -2*v**3 + 134*v**2 - 388*v + 215. Calculate d(64).
-41
Let a(n) = 12*n - 316. Calculate a(23).
-40
Let f(n) = 355*n + 16185. Calculate f(-46).
-145
Let a(m) = m**3 - 9*m**2 + 13*m + 17. Determine a(7).
10
Let k(b) = 5*b**3 + b**2 - 6*b + 2. Calculate k(-3).
-106
Let v(m) = 8*m**3 - 34*m**2 - 2*m + 11. Determine v(3).
-85
Let p(q) = q**3 + 49*q**2 + 85*q + 1778. Determine p(-48).
2
Let q(w) = 6*w**2 - 144*w + 16. Give q(24).
16
Let l(w) = w**2 - 35*w - 131. Give l(38).
-17
Let h(n) = -6*n**2 + 74*n - 24. What is h(14)?
-164
Let a(h) = -4*h**2 + 130*h - 930. What is a(23)?
-56
Let m(i) = -4*i**3 + 107*i**2 + 25*i - 15. Give m(27).
-69
Let k(w) = 95*w + 196. What is k(-3)?
-89
Let l(k) = 5*k**2 + 11*k - 20. Calculate l(5).
160
Let x(j) = j**3 + 27*j**2 - 159*j - 38. Give x(-32).
-70
Let k(p) = -p**2 - 13*p + 320. What is k(25)?
-630
Let j(u) = u**3 + 100*u**2 + 23*u - 7518. Give j(-99).
6
Let w(k) = 102*k + 129. Determine w(-1).
27
Let j(x) = 2*x**3 + 260*x**2 - 254*x + 1070. Give j(-131).
22
Let i(x) = -2*x**3 + 7*x**2 + 69*x - 243. Calculate i(5).
27
Let b(v) = v**2 - 65*v + 490. What is b(9)?
-14
Let n(c) = -c**3 - 27*c**2 - 75*c - 52. Give n(-24).
20
Let s(i) = i**3 + 7*i**2 - 47*i + 68. What is s(-14)?
-646
Let q(y) = -330*y**2 + 2325*y + 11. What is q(7)?
116
Let m(x) = -42*x - 368. What is m(-9)?
10
Let l(n) = -39*n + 5. Calculate l(-8).
317
Let r(d) = 149*d - 730. What is r(5)?
15
Let l(o) = -7*o**2 + 183*o + 26. Give l(25).
226
Let x(n) = -2*n + 131. What is x(20)?
91
Let s(f) = 274*f - 6316. Calculate s(23).
-14
Let a(y) = -3*y**3 + 7*y**2 - 10*y + 61. What is a(5)?
-189
Let w(i) = -484*i - 2867. Give w(-6).
37
Let d(s) = 2*s**2 + 8*s - 81. Determine d(5).
9
Let h(k) = 27*k**2 + 43*k - 114. What is h(-3)?
0
Let r(g) = 174*g - 1737. Give r(10).
3
Let c(l) = -2*l + 23. Determine c(10).
3
Let v(u) = -2*u**2 + 39*u + 14. What is v(17)?
99
Let a(h) = -h**2 + 74*h + 402. What is a(-5)?
7
Let x(m) = -734*m + 8046. Give x(11).
-28
Let c(u) = -432*u + 53131. What is c(123)?
-5
Let y(a) = a**3 + 19*a**2 + 51*a + 30. Determine y(-16).
-18
Let g(i) = -i**3 + 19*i**2 - 76*i - 111. Determine g(12).
-15
Let d(h) = h**3 - 18*h**2 + 30*h + 26. Calculate d(15).
-199
Let z(h) = h**2 - 67*h + 198. Determine z(33).
-924
Let r(j) = -j**3 - 26*j**2 - 119*j - 8. What is r(-8)?
-208
Let u(t) = -280*t + 2861. What is u(10)?
61
Let x(n) = -463*n + 48. What is x(2)?
-878
Let l(g) = -2*g**2 - 84*g - 779. Calculate l(-14).
5
Let x(y) = y**2 - 15*y + 17. Determine x(19).
93
Let g(p) = -2*p**2 + 62*p - 40. Calculate g(27).
176
Let t(f) = -2*f**3 + 46*f**2 - 8*f - 106. Calculate t(22).
686
Let w(i) = i**3 - 8*i**2 + 4*i + 2. Calculate w(5).
-53
Let v(k) = k**3 - 5*k**2 + k - 60. Give v(6).
-18
Let m(k) = 26977*k + 134877. What is m(-5)?
-8
Let u(d) = d**3 - 35*d**2 + 153*d - 10. Calculate u(5).
5
Let q(h) = -42*h - 303. Calculate q(-7).
-9
Let z(u) = u**2 + 170*u - 1613. Calculate z(9).
-2
Let d(g) = -60*g + 4967. What is d(83)?
-13
Let b(h) = -1172*h + 4721. What is b(4)?
33
Let f(l) = -3*l**3 - 31*l**2 - 79*l - 8. What is f(-6)?
-2
Let i(b) = -b**3 - 70*b**2 - 743*b - 120. Give i(-57).
-6
Let k(y) = 7*y**3 - 22*y**2 + 17*y - 63. Determine k(3).
-21
Let m(w) = -64*w + 1406. Give m(22).
-2
Let i(m) = 110*m + 1429. Calculate i(-13).
-1
Let p(y) = -393*y + 5087. Give p(13).
-22
Let y(f) = -3*f**3 - 154*f**2 + 107*f + 196. What is y(-52)?
40
Let j(p) = -36*p + 14. What is j(3)?
-94
Let h(g) = -g**3 + 24*g**2 + 865*g - 21000. What is h(25)?
0
Let t(w)